
6
Let o(d) = -30*d. Let p be o(-1). Let j(z) = z**3 + 5*z**2 + 5*z + 7. Let c be j(-3). What is the highest common divisor of c and p?
10
Suppose 12 = -0*s + 4*s. Let a(j) = j**3 + 4*j**2 - 4*j - 1. Let i be a(s). Calculate the highest common divisor of i and 5.
5
Suppose 4*a - 154 = 2. What is the greatest common factor of a and 13?
13
Let v(h) = 2*h + 2. Let r be v(6). Let o be (-242)/(-7) - 21/(-49). Calculate the highest common divisor of o and r.
7
Let v(t) = 2*t - 2. Let g be v(2). Suppose 0 = -g*r + 4*r - 30. Let i be 258/r + 1/(-5). What is the highest common divisor of i and 34?
17
Let j = 31 + -6. Calculate the greatest common divisor of j and 10.
5
Let h = 19 - 6. Let l be 1*-6*(-7)/(21/52). Calculate the highest common divisor of l and h.
13
Let u(i) = -i + 3. Let d be u(-7). Calculate the highest common factor of 15 and d.
5
Let b = 83 - 51. What is the greatest common divisor of b and 16?
16
Let v = -27 + 69. Calculate the greatest common divisor of 210 and v.
42
Let h be 1*26*(-1 + 3). Let q = -127 + 205. Calculate the highest common divisor of q and h.
26
Let m(c) = c**2 + 5*c - 8. Let s be m(-7). Let i = -7 - -8. Suppose -5 + i = -2*b. Calculate the greatest common factor of s and b.
2
Suppose y + 15 = u - 3*y, 2*u = 3*y + 15. Suppose -u*o + 352 = o. Let p(v) = -v**2 - v + 11. Let d be p(0). What is the greatest common divisor of o and d?
11
Let a(b) = -b**2 - 10*b + 11. Let r be a(-8). Suppose -60 = 5*l - 0*l. Let q be (l/(-16))/((-1)/(-4)). What is the highest common divisor of r and q?
3
Suppose -5*m = 3*j - 52, -14 + 65 = 4*j + 3*m. What is the greatest common divisor of j and 9?
9
Let b be (4/10)/((-6)/(-480)). What is the highest common divisor of b and 80?
16
Let f(r) = 10*r**2 - r - 3. Let k be f(2). What is the greatest common factor of 7 and k?
7
Let l = 94 - 82. Suppose a = -4*a + 480. What is the highest common factor of l and a?
12
Let x(w) = 10*w**2 + w - 2. Let d be x(1). Let i(y) = 2*y**2 + 7*y + 9. Let o be i(-8). What is the greatest common divisor of d and o?
9
Suppose 0 = -4*d + 2*c + 10, -3*d = -4*d - c + 10. Let m be (2/d)/((-1)/(-30)). Calculate the highest common divisor of 12 and m.
12
Let n(h) = 2*h**3 - 6*h**2 - 2*h - 6. Let z be n(6). Let s be 68/11 - 36/z. Calculate the greatest common divisor of 54 and s.
6
Let i(f) = -f + 3. Let z be i(2). Let s = -1 - z. Let n be ((-150)/(-4))/((-1)/s). Calculate the greatest common divisor of 30 and n.
15
Let y be (0 - 3)/3*-1. Let n be (-2 + 7)*(3 - y). Suppose t - 4*j = 7 + 35, -4*j = 12. What is the greatest common factor of n and t?
10
Suppose 3*z = -z + 60. Let t be (-1 + 18 + -1)/2. Let g = t - 3. What is the greatest common factor of g and z?
5
Let u = 15 - 11. Let w(v) = v**2 + v + 3. Let l be w(-3). Let d(k) = k - 8. Let f be d(l). Calculate the greatest common divisor of f and u.
1
Suppose 3*u - 5*x - 11 = 238, 0 = 5*u + 3*x - 381. What is the highest common factor of u and 6?
6
Let c be 34/10 + 4/(-10). Let m be c/(-12) - 33/(-4). Suppose -i + m = i. What is the highest common factor of 36 and i?
4
Suppose 0 = 4*m + 5*t + 8, m + 0 = -t - 1. Suppose 0 = 2*p + m*p - 210. Calculate the greatest common divisor of 21 and p.
21
Let a be 54/(-15)*(-20)/6. Suppose -5*d + 34 + 616 = 0. Let g = 226 - d. What is the highest common divisor of a and g?
12
Suppose -8 = -4*v - 2*d + 6*d, 4*v + 2*d = 8. Suppose 4*o - 2 - v = 0. Let k = 8 + 1. What is the highest common divisor of o and k?
1
Suppose -6 = -2*y + 2. Suppose 2*z - 69 = 3*s, 3*z + y*s = 104 - 9. What is the highest common factor of 22 and z?
11
Suppose -70 + 30 = -4*s - c, -4*s + 56 = 5*c. What is the highest common factor of s and 81?
9
Let f(b) = b**2 - 7*b - 3. Let q be f(8). Suppose -7*z + q*z = -44. Let s(i) = -i - 2. Let v be s(-4). What is the highest common factor of v and z?
2
Let g = -413 - -416. Suppose 3*m - 19 = -5*h, -2*h + 4*h - 19 = -5*m. Calculate the greatest common factor of g and m.
3
Suppose -11*b = -6*b - 30. Suppose 20 = s - b*w + 3*w, 3*s = w + 44. What is the greatest common divisor of 112 and s?
14
Let j be (-4)/(-16) - (-11)/4. Let u be (-2)/j + (-274)/(-6). Calculate the greatest common divisor of u and 9.
9
Let u(w) = -w**2 - 6*w + 5. Let n be u(-5). What is the greatest common divisor of 30 and n?
10
Let q(v) = -4*v**3 - 6*v**2 + 8. Let y be q(-4). What is the highest common factor of y and 14?
14
Suppose -2*i - 24 = -2*q, 2*q + 16 = 5*q + 2*i. Suppose 12 = 3*c + c. Suppose -c*z + 128 = z. Calculate the greatest common divisor of z and q.
8
Let r be 38/(-133) - (-107)/7. Calculate the highest common divisor of 10 and r.
5
Let l(b) = b**2 + b + 9. Let n be l(-5). Calculate the highest common divisor of n and 319.
29
Let m be 7 + (-6 - (-6 + 4)). What is the greatest common factor of 15 and m?
3
Let n = -117 - -198. Let m = 0 - -9. What is the highest common divisor of m and n?
9
Let p(a) be the third derivative of -a**6/120 + 2*a**5/15 - 7*a**4/24 - a**3/6 + 2*a**2. Let b be p(5). Calculate the highest common divisor of 13 and b.
13
Let a be 30*6/(-8)*(-64)/120. What is the highest common factor of a and 4?
4
Let i = 18 - -36. Let o = 106 - i. Let k be (40 - 1)*(-2)/(-6). Calculate the highest common divisor of k and o.
13
Let h = 19 - -39. Suppose 0 = -3*j - 4*o + h, 0*o + 95 = 5*j + 5*o. Let a = -431 + 629. Calculate the highest common factor of j and a.
18
Let a(k) = -k**3 - 4*k**2 + 13*k + 14. Let v be a(-6). Calculate the greatest common factor of 72 and v.
8
Suppose 53 = 6*p - p - 4*u, p = -3*u + 3. Suppose -2*z + p = -1. Let k = 5 - 0. Calculate the greatest common divisor of z and k.
5
Let u = 63 + -21. Let x be (28/(-6))/(4/(-54)). Calculate the greatest common factor of x and u.
21
Let h = 75 - -93. Calculate the highest common divisor of 21 and h.
21
Suppose -30 = -6*v + 4*v. Suppose -35 - 20 = -2*h + 5*g, h - 2*g = 25. What is the greatest common divisor of v and h?
15
Let m = 167 + -107. Calculate the highest common factor of 20 and m.
20
Suppose o = -o + 450. Let z(n) = 2*n**3 + 3*n**2 - 2*n + 1. Let t be z(2). What is the greatest common divisor of t and o?
25
Let k = -29 + 41. Suppose j - k = -0*j. Let t = 28 - j. Calculate the greatest common divisor of t and 4.
4
Let w = 109 + -70. What is the greatest common factor of w and 26?
13
Suppose 4*d = r + 18, r = d - 7 - 8. Let s = -4 - r. Let n be (20/(-6))/((-1)/3). Calculate the greatest common divisor of n and s.
10
Let a be ((-8)/(-10))/(12/60). What is the greatest common divisor of a and 32?
4
Let y(k) = -k**3 + 5*k**2 - 5*k + 6. Let c = -1 - -5. Let g be y(c). Let m be 1 - (g*-21 + -2). Calculate the highest common divisor of 18 and m.
9
Suppose 3*v - 5*v + 5*t = -23, 5*t = -25. Let w be 20/(-3)*v*3. Suppose -2*r = 3*k - 22 - 0, 3*r - 22 = k. What is the highest common factor of w and r?
4
Suppose -4*x + 5 = -3. Suppose -w - 3*s = 7, -41 = x*w + w + 5*s. Let n be (-4)/w - 216/(-22). What is the highest common divisor of 70 and n?
10
Suppose -2*l = -5*u + 36, -5*u + u = 4*l - 12. Suppose -u = -4*n + 2*n. What is the greatest common factor of n and 9?
3
Let j(g) = -g**3 + 2*g**2 + 3*g + 1. Let i be j(3). Let f be (10 - (3 - 0))*i. Calculate the highest common divisor of f and 7.
7
Let j(m) = 3*m**2 + 7*m + 2. Let n be j(6). Let q be 59/6*2 + 12/(-18). What is the greatest common divisor of n and q?
19
Let r = 7 - -2. What is the highest common divisor of r and 90?
9
Let j = -10 + 10. Suppose j = -0*b - b + 20. What is the greatest common factor of 80 and b?
20
Suppose -13 - 647 = -11*p. What is the highest common factor of 12 and p?
12
Suppose 5*g = 3*d + 1 + 4, 3*g - 3*d - 3 = 0. Let k(a) = -a**3. Let y be k(-1). What is the greatest common divisor of g and y?
1
Suppose 23 + 49 = 2*r. Suppose -6*t = -2*t - 360. What is the highest common divisor of t and r?
18
Let x = 66 - 12. Suppose -2*n - 3*f - 57 = -6*n, 4*n - 82 = -2*f. Calculate the greatest common divisor of x and n.
18
Suppose i = 7*i - 648. Calculate the highest common divisor of 36 and i.
36
Let d be 4*(2 - 4/(-8)). What is the highest common divisor of d and 25?
5
Suppose 3*y - 11 = 7. Let z be ((-3)/y)/(1/(-24)). What is the greatest common divisor of 12 and z?
12
Let r be (-832)/(-22) - (-10)/55. Suppose r - 8 = 5*m. Suppose -3*j + j = -4